{"id":104,"date":"2019-08-30T07:08:52","date_gmt":"2019-08-30T07:08:52","guid":{"rendered":"https:\/\/sktperfectdemo.com\/themepack\/makeup\/?page_id=104"},"modified":"2026-02-03T13:45:28","modified_gmt":"2026-02-03T13:45:28","slug":"contactos","status":"publish","type":"page","link":"https:\/\/na4u.pt\/index.php\/contactos\/","title":{"rendered":"Contactos"},"content":{"rendered":"\t\t<div data-elementor-type=\"wp-post\" data-elementor-id=\"104\" class=\"elementor elementor-104\">\n\t\t\t\t\t\t<section class=\"elementor-section elementor-top-section elementor-element elementor-element-2c335276 elementor-section-full_width elementor-section-height-default elementor-section-height-default\" data-id=\"2c335276\" data-element_type=\"section\" data-e-type=\"section\">\n\t\t\t\t\t\t<div class=\"elementor-container elementor-column-gap-no\">\n\t\t\t\t\t<div class=\"elementor-column elementor-col-100 elementor-top-column elementor-element elementor-element-6238e958\" data-id=\"6238e958\" data-element_type=\"column\" data-e-type=\"column\">\n\t\t\t<div class=\"elementor-widget-wrap elementor-element-populated\">\n\t\t\t\t\t\t<div class=\"elementor-element elementor-element-e343660 visually-hidden elementor-widget elementor-widget-lae-heading\" data-id=\"e343660\" data-element_type=\"widget\" data-e-type=\"widget\" data-widget_type=\"lae-heading.default\">\n\t\t\t\t<div class=\"elementor-widget-container\">\n\t\t\t\t\t\n<div class=\"lae-heading lae-style1 lae-aligncenter \" >\n\n    <h1 class=\"lae-title\">Contactos NA4U Sa\u00fade e Bem-Estar<\/h1>\n\n    \n<\/div><!-- .lae-heading -->\t\t\t\t<\/div>\n\t\t\t\t<\/div>\n\t\t\t\t<section class=\"elementor-section elementor-inner-section elementor-element elementor-element-7213326 elementor-section-content-middle elementor-section-boxed elementor-section-height-default elementor-section-height-default\" data-id=\"7213326\" data-element_type=\"section\" data-e-type=\"section\">\n\t\t\t\t\t\t<div class=\"elementor-container elementor-column-gap-no\">\n\t\t\t\t\t<div class=\"elementor-column elementor-col-33 elementor-inner-column elementor-element elementor-element-ffebf1c\" data-id=\"ffebf1c\" data-element_type=\"column\" data-e-type=\"column\">\n\t\t\t<div class=\"elementor-widget-wrap elementor-element-populated\">\n\t\t\t\t\t\t<div class=\"elementor-element elementor-element-5b2f5d5 elementor-widget elementor-widget-heading\" data-id=\"5b2f5d5\" data-element_type=\"widget\" data-e-type=\"widget\" data-widget_type=\"heading.default\">\n\t\t\t\t<div class=\"elementor-widget-container\">\n\t\t\t\t\t<h6 class=\"elementor-heading-title elementor-size-default\">Localiza\u00e7\u00e3o<\/h6>\t\t\t\t<\/div>\n\t\t\t\t<\/div>\n\t\t\t\t<div class=\"elementor-element elementor-element-bedf382 elementor-widget elementor-widget-text-editor\" data-id=\"bedf382\" data-element_type=\"widget\" data-e-type=\"widget\" data-widget_type=\"text-editor.default\">\n\t\t\t\t<div class=\"elementor-widget-container\">\n\t\t\t\t\t\t\t\t\t<p>Est\u00fadio de Pilates, R. Jo\u00e3o Vaz lote 84 Loja B, 2925-651 S\u00e3o Louren\u00e7o<\/p>\t\t\t\t\t\t\t\t<\/div>\n\t\t\t\t<\/div>\n\t\t\t\t\t<\/div>\n\t\t<\/div>\n\t\t\t\t<div class=\"elementor-column elementor-col-33 elementor-inner-column elementor-element elementor-element-b7e6629\" data-id=\"b7e6629\" data-element_type=\"column\" data-e-type=\"column\">\n\t\t\t<div class=\"elementor-widget-wrap elementor-element-populated\">\n\t\t\t\t\t\t<div class=\"elementor-element elementor-element-d49a147 elementor-widget elementor-widget-heading\" data-id=\"d49a147\" data-element_type=\"widget\" data-e-type=\"widget\" data-widget_type=\"heading.default\">\n\t\t\t\t<div class=\"elementor-widget-container\">\n\t\t\t\t\t<h6 class=\"elementor-heading-title elementor-size-default\">Hor\u00e1rio<\/h6>\t\t\t\t<\/div>\n\t\t\t\t<\/div>\n\t\t\t\t<div class=\"elementor-element elementor-element-f473b35 elementor-widget elementor-widget-text-editor\" data-id=\"f473b35\" data-element_type=\"widget\" data-e-type=\"widget\" data-widget_type=\"text-editor.default\">\n\t\t\t\t<div class=\"elementor-widget-container\">\n\t\t\t\t\t\t\t\t\t<p><strong>Segunda &#8211; Sexta<\/strong><br \/>07:00 &#8211; 13:00<br \/>15:00 &#8211; 20:00<br \/><strong><br \/>S\u00e1bado<br \/><\/strong>09:00 &#8211; 13:00<strong><br \/><br \/><\/strong>Encerramos aos domingos e feriados<strong><br \/><\/strong><\/p>\t\t\t\t\t\t\t\t<\/div>\n\t\t\t\t<\/div>\n\t\t\t\t\t<\/div>\n\t\t<\/div>\n\t\t\t\t<div class=\"elementor-column elementor-col-33 elementor-inner-column elementor-element elementor-element-ebdddd8\" data-id=\"ebdddd8\" data-element_type=\"column\" data-e-type=\"column\">\n\t\t\t<div class=\"elementor-widget-wrap elementor-element-populated\">\n\t\t\t\t\t\t<div class=\"elementor-element elementor-element-81bbc4c elementor-widget elementor-widget-heading\" data-id=\"81bbc4c\" data-element_type=\"widget\" data-e-type=\"widget\" data-widget_type=\"heading.default\">\n\t\t\t\t<div class=\"elementor-widget-container\">\n\t\t\t\t\t<h6 class=\"elementor-heading-title elementor-size-default\">Contacte-nos<\/h6>\t\t\t\t<\/div>\n\t\t\t\t<\/div>\n\t\t\t\t<div class=\"elementor-element elementor-element-d2aab94 elementor-widget elementor-widget-text-editor\" data-id=\"d2aab94\" data-element_type=\"widget\" data-e-type=\"widget\" data-widget_type=\"text-editor.default\">\n\t\t\t\t<div class=\"elementor-widget-container\">\n\t\t\t\t\t\t\t\t\t<p>Tlm: +351 911 753 639<br \/>Email: comercial@na4u.pt<\/p>\t\t\t\t\t\t\t\t<\/div>\n\t\t\t\t<\/div>\n\t\t\t\t\t<\/div>\n\t\t<\/div>\n\t\t\t\t\t<\/div>\n\t\t<\/section>\n\t\t\t\t\t<\/div>\n\t\t<\/div>\n\t\t\t\t\t<\/div>\n\t\t<\/section>\n\t\t<div class=\"elementor-element elementor-element-78b9345 e-flex e-con-boxed e-con e-parent\" data-id=\"78b9345\" data-element_type=\"container\" data-e-type=\"container\">\n\t\t\t\t\t<div class=\"e-con-inner\">\n\t\t\t\t<div class=\"elementor-element elementor-element-11d5e76 elementor-widget elementor-widget-spacer\" data-id=\"11d5e76\" data-element_type=\"widget\" data-e-type=\"widget\" data-widget_type=\"spacer.default\">\n\t\t\t\t<div class=\"elementor-widget-container\">\n\t\t\t\t\t\t\t<div class=\"elementor-spacer\">\n\t\t\t<div class=\"elementor-spacer-inner\"><\/div>\n\t\t<\/div>\n\t\t\t\t\t\t<\/div>\n\t\t\t\t<\/div>\n\t\t\t\t\t<\/div>\n\t\t\t\t<\/div>\n\t\t<div class=\"elementor-element elementor-element-6979e138 e-flex e-con-boxed e-con e-parent\" data-id=\"6979e138\" data-element_type=\"container\" data-e-type=\"container\">\n\t\t\t\t\t<div class=\"e-con-inner\">\n\t\t\t\t<div class=\"elementor-element elementor-element-6c83735f elementor-widget elementor-widget-text-editor\" data-id=\"6c83735f\" data-element_type=\"widget\" data-e-type=\"widget\" data-widget_type=\"text-editor.default\">\n\t\t\t\t<div class=\"elementor-widget-container\">\n\t\t\t\t\t\t\t\t\t<h2>Para mais informa\u00e7\u00f5es preencha os campos abaixo:<\/h2><p>\u00a0<\/p><p>\n<div class=\"wpcf7 no-js\" id=\"wpcf7-f866-o1\" lang=\"pt-PT\" dir=\"ltr\" data-wpcf7-id=\"866\">\n<div class=\"screen-reader-response\"><p role=\"status\" aria-live=\"polite\" aria-atomic=\"true\"><\/p> <ul><\/ul><\/div>\n<form action=\"\/index.php\/wp-json\/wp\/v2\/pages\/104#wpcf7-f866-o1\" method=\"post\" class=\"wpcf7-form init\" aria-label=\"Formul\u00e1rio de contacto\" novalidate=\"novalidate\" data-status=\"init\">\n<fieldset class=\"hidden-fields-container\"><input type=\"hidden\" name=\"_wpcf7\" value=\"866\" \/><input type=\"hidden\" name=\"_wpcf7_version\" value=\"6.1.5\" \/><input type=\"hidden\" name=\"_wpcf7_locale\" value=\"pt_PT\" \/><input type=\"hidden\" name=\"_wpcf7_unit_tag\" value=\"wpcf7-f866-o1\" \/><input type=\"hidden\" name=\"_wpcf7_container_post\" value=\"0\" \/><input type=\"hidden\" name=\"_wpcf7_posted_data_hash\" value=\"\" \/>\n<\/fieldset>\n<p><label> Nome<br \/>\n<span class=\"wpcf7-form-control-wrap\" data-name=\"your-name\"><input size=\"40\" maxlength=\"400\" class=\"wpcf7-form-control wpcf7-text wpcf7-validates-as-required\" autocomplete=\"name\" aria-required=\"true\" aria-invalid=\"false\" value=\"\" type=\"text\" name=\"your-name\" \/><\/span> <\/label>\n<\/p>\n<p>Email<br \/>\n<span class=\"wpcf7-form-control-wrap\" data-name=\"your-email\"><input size=\"40\" maxlength=\"400\" class=\"wpcf7-form-control wpcf7-email wpcf7-validates-as-required wpcf7-text wpcf7-validates-as-email\" autocomplete=\"email\" aria-required=\"true\" aria-invalid=\"false\" value=\"\" type=\"email\" name=\"your-email\" \/><\/span>\n<\/p>\n<p><label> Telefone<br \/>\n<span class=\"wpcf7-form-control-wrap\" data-name=\"Telefone\"><input size=\"40\" maxlength=\"400\" class=\"wpcf7-form-control wpcf7-tel wpcf7-text wpcf7-validates-as-tel\" aria-invalid=\"false\" value=\"\" type=\"tel\" name=\"Telefone\" \/><\/span><br \/>\n<\/label>\n<\/p>\n<p><label> Assunto<br \/>\n<span class=\"wpcf7-form-control-wrap\" data-name=\"your-subject\"><input size=\"40\" maxlength=\"400\" class=\"wpcf7-form-control wpcf7-text wpcf7-validates-as-required\" aria-required=\"true\" aria-invalid=\"false\" value=\"\" type=\"text\" name=\"your-subject\" \/><\/span> <\/label>\n<\/p>\n<p><label> A sua mensagem (Opcional)<br \/>\n<span class=\"wpcf7-form-control-wrap\" data-name=\"your-message\"><textarea cols=\"40\" rows=\"10\" maxlength=\"2000\" class=\"wpcf7-form-control wpcf7-textarea\" aria-invalid=\"false\" name=\"your-message\"><\/textarea><\/span> <\/label>\n<\/p>\n<p><input class=\"wpcf7-form-control wpcf7-submit has-spinner\" type=\"submit\" value=\"Submeter\" \/>\n<\/p><div class=\"wpcf7-response-output\" aria-hidden=\"true\"><\/div>\n<\/form>\n<\/div>\n<\/p>\t\t\t\t\t\t\t\t<\/div>\n\t\t\t\t<\/div>\n\t\t\t\t\t<\/div>\n\t\t\t\t<\/div>\n\t\t\t\t<section class=\"elementor-section elementor-top-section elementor-element elementor-element-d89cd59 elementor-section-full_width elementor-section-height-default elementor-section-height-default\" data-id=\"d89cd59\" data-element_type=\"section\" data-e-type=\"section\">\n\t\t\t\t\t\t<div class=\"elementor-container elementor-column-gap-no\">\n\t\t\t\t\t<div class=\"elementor-column elementor-col-100 elementor-top-column elementor-element elementor-element-303fc5d\" data-id=\"303fc5d\" data-element_type=\"column\" data-e-type=\"column\">\n\t\t\t<div class=\"elementor-widget-wrap elementor-element-populated\">\n\t\t\t\t\t\t<div class=\"elementor-element elementor-element-2500329 elementor-shape-rounded elementor-grid-0 e-grid-align-center elementor-widget elementor-widget-social-icons\" data-id=\"2500329\" data-element_type=\"widget\" data-e-type=\"widget\" data-widget_type=\"social-icons.default\">\n\t\t\t\t<div class=\"elementor-widget-container\">\n\t\t\t\t\t\t\t<div class=\"elementor-social-icons-wrapper elementor-grid\" role=\"list\">\n\t\t\t\t\t\t\t<span class=\"elementor-grid-item\" role=\"listitem\">\n\t\t\t\t\t<a class=\"elementor-icon elementor-social-icon elementor-social-icon-facebook elementor-animation-grow elementor-repeater-item-5b6ded9\" href=\"https:\/\/www.facebook.com\/SANDRASILVAPILATES\" target=\"_blank\">\n\t\t\t\t\t\t<span class=\"elementor-screen-only\">Facebook<\/span>\n\t\t\t\t\t\t<svg aria-hidden=\"true\" class=\"e-font-icon-svg e-fab-facebook\" viewBox=\"0 0 512 512\" xmlns=\"http:\/\/www.w3.org\/2000\/svg\"><path d=\"M504 256C504 119 393 8 256 8S8 119 8 256c0 123.78 90.69 226.38 209.25 245V327.69h-63V256h63v-54.64c0-62.15 37-96.48 93.67-96.48 27.14 0 55.52 4.84 55.52 4.84v61h-31.28c-30.8 0-40.41 19.12-40.41 38.73V256h68.78l-11 71.69h-57.78V501C413.31 482.38 504 379.78 504 256z\"><\/path><\/svg>\t\t\t\t\t<\/a>\n\t\t\t\t<\/span>\n\t\t\t\t\t\t\t<span class=\"elementor-grid-item\" role=\"listitem\">\n\t\t\t\t\t<a class=\"elementor-icon elementor-social-icon elementor-social-icon-google elementor-animation-grow elementor-repeater-item-7e1d56b\" href=\"https:\/\/g.co\/kgs\/nAJ4vH4\" target=\"_blank\">\n\t\t\t\t\t\t<span class=\"elementor-screen-only\">Google<\/span>\n\t\t\t\t\t\t<svg aria-hidden=\"true\" class=\"e-font-icon-svg e-fab-google\" viewBox=\"0 0 488 512\" xmlns=\"http:\/\/www.w3.org\/2000\/svg\"><path d=\"M488 261.8C488 403.3 391.1 504 248 504 110.8 504 0 393.2 0 256S110.8 8 248 8c66.8 0 123 24.5 166.3 64.9l-67.5 64.9C258.5 52.6 94.3 116.6 94.3 256c0 86.5 69.1 156.6 153.7 156.6 98.2 0 135-70.4 140.8-106.9H248v-85.3h236.1c2.3 12.7 3.9 24.9 3.9 41.4z\"><\/path><\/svg>\t\t\t\t\t<\/a>\n\t\t\t\t<\/span>\n\t\t\t\t\t\t\t<span class=\"elementor-grid-item\" role=\"listitem\">\n\t\t\t\t\t<a class=\"elementor-icon elementor-social-icon elementor-social-icon-instagram elementor-animation-grow elementor-repeater-item-d9a9500\" href=\"https:\/\/www.instagram.com\/estudio_de_pilates_azeitao\/\" target=\"_blank\">\n\t\t\t\t\t\t<span class=\"elementor-screen-only\">Instagram<\/span>\n\t\t\t\t\t\t<svg aria-hidden=\"true\" class=\"e-font-icon-svg e-fab-instagram\" viewBox=\"0 0 448 512\" xmlns=\"http:\/\/www.w3.org\/2000\/svg\"><path d=\"M224.1 141c-63.6 0-114.9 51.3-114.9 114.9s51.3 114.9 114.9 114.9S339 319.5 339 255.9 287.7 141 224.1 141zm0 189.6c-41.1 0-74.7-33.5-74.7-74.7s33.5-74.7 74.7-74.7 74.7 33.5 74.7 74.7-33.6 74.7-74.7 74.7zm146.4-194.3c0 14.9-12 26.8-26.8 26.8-14.9 0-26.8-12-26.8-26.8s12-26.8 26.8-26.8 26.8 12 26.8 26.8zm76.1 27.2c-1.7-35.9-9.9-67.7-36.2-93.9-26.2-26.2-58-34.4-93.9-36.2-37-2.1-147.9-2.1-184.9 0-35.8 1.7-67.6 9.9-93.9 36.1s-34.4 58-36.2 93.9c-2.1 37-2.1 147.9 0 184.9 1.7 35.9 9.9 67.7 36.2 93.9s58 34.4 93.9 36.2c37 2.1 147.9 2.1 184.9 0 35.9-1.7 67.7-9.9 93.9-36.2 26.2-26.2 34.4-58 36.2-93.9 2.1-37 2.1-147.8 0-184.8zM398.8 388c-7.8 19.6-22.9 34.7-42.6 42.6-29.5 11.7-99.5 9-132.1 9s-102.7 2.6-132.1-9c-19.6-7.8-34.7-22.9-42.6-42.6-11.7-29.5-9-99.5-9-132.1s-2.6-102.7 9-132.1c7.8-19.6 22.9-34.7 42.6-42.6 29.5-11.7 99.5-9 132.1-9s102.7-2.6 132.1 9c19.6 7.8 34.7 22.9 42.6 42.6 11.7 29.5 9 99.5 9 132.1s2.7 102.7-9 132.1z\"><\/path><\/svg>\t\t\t\t\t<\/a>\n\t\t\t\t<\/span>\n\t\t\t\t\t<\/div>\n\t\t\t\t\t\t<\/div>\n\t\t\t\t<\/div>\n\t\t\t\t<div class=\"elementor-element elementor-element-f273842 elementor-widget elementor-widget-google_maps\" data-id=\"f273842\" data-element_type=\"widget\" data-e-type=\"widget\" data-widget_type=\"google_maps.default\">\n\t\t\t\t<div class=\"elementor-widget-container\">\n\t\t\t\t\t\t\t<div class=\"elementor-custom-embed\">\n\t\t\t<iframe loading=\"lazy\"\n\t\t\t\t\tsrc=\"https:\/\/maps.google.com\/maps?q=Est%C3%BAdio%20de%20Pilates%2C%20R.%20Jo%C3%A3o%20Vaz%20lote%2084%20Loja%20B%2C%202925-651%20S%C3%A3o%20Louren%C3%A7o&#038;t=m&#038;z=15&#038;output=embed&#038;iwloc=near\"\n\t\t\t\t\ttitle=\"Est\u00fadio de Pilates, R. Jo\u00e3o Vaz lote 84 Loja B, 2925-651 S\u00e3o Louren\u00e7o\"\n\t\t\t\t\taria-label=\"Est\u00fadio de Pilates, R. Jo\u00e3o Vaz lote 84 Loja B, 2925-651 S\u00e3o Louren\u00e7o\"\n\t\t\t><\/iframe>\n\t\t<\/div>\n\t\t\t\t\t\t<\/div>\n\t\t\t\t<\/div>\n\t\t\t\t\t<\/div>\n\t\t<\/div>\n\t\t\t\t\t<\/div>\n\t\t<\/section>\n\t\t\t\t<section class=\"elementor-section elementor-top-section elementor-element elementor-element-a2dc943 elementor-section-full_width elementor-section-height-default elementor-section-height-default\" data-id=\"a2dc943\" data-element_type=\"section\" data-e-type=\"section\">\n\t\t\t\t\t\t<div class=\"elementor-container elementor-column-gap-no\">\n\t\t\t\t\t<div class=\"elementor-column elementor-col-100 elementor-top-column elementor-element elementor-element-01a7ed2\" data-id=\"01a7ed2\" data-element_type=\"column\" data-e-type=\"column\">\n\t\t\t<div class=\"elementor-widget-wrap\">\n\t\t\t\t\t\t\t<\/div>\n\t\t<\/div>\n\t\t\t\t\t<\/div>\n\t\t<\/section>\n\t\t\t\t<\/div>\n\t\t","protected":false},"excerpt":{"rendered":"<p>Contactos NA4U Sa\u00fade e Bem-Estar Localiza\u00e7\u00e3o Est\u00fadio de Pilates, R. Jo\u00e3o Vaz lote 84 Loja B, 2925-651 S\u00e3o Louren\u00e7o Hor\u00e1rio Segunda &#8211; Sexta07:00 &#8211; 13:0015:00 &#8211; 20:00S\u00e1bado09:00 &#8211; 13:00 Encerramos aos domingos e feriados Contacte-nos Tlm: +351 911 753 639Email: comercial@na4u.pt Para mais informa\u00e7\u00f5es preencha os campos abaixo: \u00a0 Facebook Google Instagram<\/p>\n","protected":false},"author":1,"featured_media":0,"parent":0,"menu_order":0,"comment_status":"closed","ping_status":"closed","template":"templates\/page-builder.php","meta":{"footnotes":""},"class_list":["post-104","page","type-page","status-publish","hentry"],"yoast_head":"<!-- This site is optimized with the Yoast SEO plugin v27.2 - https:\/\/yoast.com\/product\/yoast-seo-wordpress\/ -->\n<title>Contactos - NA4U<\/title>\n<meta name=\"description\" content=\"Contacte a NA4U Sa\u00fade e Bem-Estar. Agende sess\u00f5es de pilates cl\u00ednico ou saiba mais sobre forma\u00e7\u00e3o e workshops.\" \/>\n<meta name=\"robots\" content=\"index, follow, max-snippet:-1, max-image-preview:large, max-video-preview:-1\" \/>\n<link rel=\"canonical\" href=\"https:\/\/na4u.pt\/index.php\/contactos\/\" \/>\n<meta property=\"og:locale\" content=\"pt_PT\" \/>\n<meta property=\"og:type\" content=\"article\" \/>\n<meta property=\"og:title\" content=\"Contactos - NA4U\" \/>\n<meta property=\"og:description\" content=\"Contacte a NA4U Sa\u00fade e Bem-Estar. Agende sess\u00f5es de pilates cl\u00ednico ou saiba mais sobre forma\u00e7\u00e3o e workshops.\" \/>\n<meta property=\"og:url\" content=\"https:\/\/na4u.pt\/index.php\/contactos\/\" \/>\n<meta property=\"og:site_name\" content=\"NA4U\" \/>\n<meta property=\"article:publisher\" content=\"https:\/\/www.facebook.com\/SANDRASILVAPILATES\" \/>\n<meta property=\"article:modified_time\" content=\"2026-02-03T13:45:28+00:00\" \/>\n<meta property=\"og:image\" content=\"https:\/\/na4u.pt\/wp-content\/uploads\/2024\/01\/WhatsApp-Image-2024-01-10-at-14.38.20_fdb92248.jpg\" \/>\n\t<meta property=\"og:image:width\" content=\"1920\" \/>\n\t<meta property=\"og:image:height\" content=\"1274\" \/>\n\t<meta property=\"og:image:type\" content=\"image\/jpeg\" \/>\n<meta name=\"twitter:card\" content=\"summary_large_image\" \/>\n<meta name=\"twitter:label1\" content=\"Tempo estimado de leitura\" \/>\n\t<meta name=\"twitter:data1\" content=\"1 minuto\" \/>\n<script type=\"application\/ld+json\" class=\"yoast-schema-graph\">{\"@context\":\"https:\/\/schema.org\",\"@graph\":[{\"@type\":[\"WebPage\",\"ContactPage\"],\"@id\":\"https:\/\/na4u.pt\/index.php\/contactos\/\",\"url\":\"https:\/\/na4u.pt\/index.php\/contactos\/\",\"name\":\"Contactos - NA4U\",\"isPartOf\":{\"@id\":\"https:\/\/na4u.pt\/#website\"},\"datePublished\":\"2019-08-30T07:08:52+00:00\",\"dateModified\":\"2026-02-03T13:45:28+00:00\",\"description\":\"Contacte a NA4U Sa\u00fade e Bem-Estar. Agende sess\u00f5es de pilates cl\u00ednico ou saiba mais sobre forma\u00e7\u00e3o e workshops.\",\"breadcrumb\":{\"@id\":\"https:\/\/na4u.pt\/index.php\/contactos\/#breadcrumb\"},\"inLanguage\":\"pt-PT\",\"potentialAction\":[{\"@type\":\"ReadAction\",\"target\":[\"https:\/\/na4u.pt\/index.php\/contactos\/\"]}]},{\"@type\":\"BreadcrumbList\",\"@id\":\"https:\/\/na4u.pt\/index.php\/contactos\/#breadcrumb\",\"itemListElement\":[{\"@type\":\"ListItem\",\"position\":1,\"name\":\"In\u00edcio\",\"item\":\"https:\/\/na4u.pt\/\"},{\"@type\":\"ListItem\",\"position\":2,\"name\":\"Contactos\"}]},{\"@type\":\"WebSite\",\"@id\":\"https:\/\/na4u.pt\/#website\",\"url\":\"https:\/\/na4u.pt\/\",\"name\":\"NA4U - Sa\u00fade e Bem Estar | Pilates Cl\u00ednico\",\"description\":\"NA4U: Est\u00fadio de Pilates Cl\u00ednico e Escola de Forma\u00e7\u00e3o certificada para profissionais de sa\u00fade. Sa\u00fade, movimento e especializa\u00e7\u00e3o para todos.\",\"publisher\":{\"@id\":\"https:\/\/na4u.pt\/#organization\"},\"potentialAction\":[{\"@type\":\"SearchAction\",\"target\":{\"@type\":\"EntryPoint\",\"urlTemplate\":\"https:\/\/na4u.pt\/?s={search_term_string}\"},\"query-input\":{\"@type\":\"PropertyValueSpecification\",\"valueRequired\":true,\"valueName\":\"search_term_string\"}}],\"inLanguage\":\"pt-PT\"},{\"@type\":\"Organization\",\"@id\":\"https:\/\/na4u.pt\/#organization\",\"name\":\"NA4U - Sa\u00fade e Bem Estar | Pilates Cl\u00ednico\",\"url\":\"https:\/\/na4u.pt\/\",\"logo\":{\"@type\":\"ImageObject\",\"inLanguage\":\"pt-PT\",\"@id\":\"https:\/\/na4u.pt\/#\/schema\/logo\/image\/\",\"url\":\"https:\/\/na4u.pt\/wp-content\/uploads\/2024\/02\/cropped-logo_black.png\",\"contentUrl\":\"https:\/\/na4u.pt\/wp-content\/uploads\/2024\/02\/cropped-logo_black.png\",\"width\":512,\"height\":512,\"caption\":\"NA4U - Sa\u00fade e Bem Estar | Pilates Cl\u00ednico\"},\"image\":{\"@id\":\"https:\/\/na4u.pt\/#\/schema\/logo\/image\/\"},\"sameAs\":[\"https:\/\/www.facebook.com\/SANDRASILVAPILATES\"]}]}<\/script>\n<!-- \/ Yoast SEO plugin. -->","yoast_head_json":{"title":"Contactos - NA4U","description":"Contacte a NA4U Sa\u00fade e Bem-Estar. Agende sess\u00f5es de pilates cl\u00ednico ou saiba mais sobre forma\u00e7\u00e3o e workshops.","robots":{"index":"index","follow":"follow","max-snippet":"max-snippet:-1","max-image-preview":"max-image-preview:large","max-video-preview":"max-video-preview:-1"},"canonical":"https:\/\/na4u.pt\/index.php\/contactos\/","og_locale":"pt_PT","og_type":"article","og_title":"Contactos - NA4U","og_description":"Contacte a NA4U Sa\u00fade e Bem-Estar. Agende sess\u00f5es de pilates cl\u00ednico ou saiba mais sobre forma\u00e7\u00e3o e workshops.","og_url":"https:\/\/na4u.pt\/index.php\/contactos\/","og_site_name":"NA4U","article_publisher":"https:\/\/www.facebook.com\/SANDRASILVAPILATES","article_modified_time":"2026-02-03T13:45:28+00:00","og_image":[{"width":1920,"height":1274,"url":"https:\/\/na4u.pt\/wp-content\/uploads\/2024\/01\/WhatsApp-Image-2024-01-10-at-14.38.20_fdb92248.jpg","type":"image\/jpeg"}],"twitter_card":"summary_large_image","twitter_misc":{"Tempo estimado de leitura":"1 minuto"},"schema":{"@context":"https:\/\/schema.org","@graph":[{"@type":["WebPage","ContactPage"],"@id":"https:\/\/na4u.pt\/index.php\/contactos\/","url":"https:\/\/na4u.pt\/index.php\/contactos\/","name":"Contactos - NA4U","isPartOf":{"@id":"https:\/\/na4u.pt\/#website"},"datePublished":"2019-08-30T07:08:52+00:00","dateModified":"2026-02-03T13:45:28+00:00","description":"Contacte a NA4U Sa\u00fade e Bem-Estar. Agende sess\u00f5es de pilates cl\u00ednico ou saiba mais sobre forma\u00e7\u00e3o e workshops.","breadcrumb":{"@id":"https:\/\/na4u.pt\/index.php\/contactos\/#breadcrumb"},"inLanguage":"pt-PT","potentialAction":[{"@type":"ReadAction","target":["https:\/\/na4u.pt\/index.php\/contactos\/"]}]},{"@type":"BreadcrumbList","@id":"https:\/\/na4u.pt\/index.php\/contactos\/#breadcrumb","itemListElement":[{"@type":"ListItem","position":1,"name":"In\u00edcio","item":"https:\/\/na4u.pt\/"},{"@type":"ListItem","position":2,"name":"Contactos"}]},{"@type":"WebSite","@id":"https:\/\/na4u.pt\/#website","url":"https:\/\/na4u.pt\/","name":"NA4U - Sa\u00fade e Bem Estar | Pilates Cl\u00ednico","description":"NA4U: Est\u00fadio de Pilates Cl\u00ednico e Escola de Forma\u00e7\u00e3o certificada para profissionais de sa\u00fade. Sa\u00fade, movimento e especializa\u00e7\u00e3o para todos.","publisher":{"@id":"https:\/\/na4u.pt\/#organization"},"potentialAction":[{"@type":"SearchAction","target":{"@type":"EntryPoint","urlTemplate":"https:\/\/na4u.pt\/?s={search_term_string}"},"query-input":{"@type":"PropertyValueSpecification","valueRequired":true,"valueName":"search_term_string"}}],"inLanguage":"pt-PT"},{"@type":"Organization","@id":"https:\/\/na4u.pt\/#organization","name":"NA4U - Sa\u00fade e Bem Estar | Pilates Cl\u00ednico","url":"https:\/\/na4u.pt\/","logo":{"@type":"ImageObject","inLanguage":"pt-PT","@id":"https:\/\/na4u.pt\/#\/schema\/logo\/image\/","url":"https:\/\/na4u.pt\/wp-content\/uploads\/2024\/02\/cropped-logo_black.png","contentUrl":"https:\/\/na4u.pt\/wp-content\/uploads\/2024\/02\/cropped-logo_black.png","width":512,"height":512,"caption":"NA4U - Sa\u00fade e Bem Estar | Pilates Cl\u00ednico"},"image":{"@id":"https:\/\/na4u.pt\/#\/schema\/logo\/image\/"},"sameAs":["https:\/\/www.facebook.com\/SANDRASILVAPILATES"]}]}},"_links":{"self":[{"href":"https:\/\/na4u.pt\/index.php\/wp-json\/wp\/v2\/pages\/104","targetHints":{"allow":["GET"]}}],"collection":[{"href":"https:\/\/na4u.pt\/index.php\/wp-json\/wp\/v2\/pages"}],"about":[{"href":"https:\/\/na4u.pt\/index.php\/wp-json\/wp\/v2\/types\/page"}],"author":[{"embeddable":true,"href":"https:\/\/na4u.pt\/index.php\/wp-json\/wp\/v2\/users\/1"}],"replies":[{"embeddable":true,"href":"https:\/\/na4u.pt\/index.php\/wp-json\/wp\/v2\/comments?post=104"}],"version-history":[{"count":49,"href":"https:\/\/na4u.pt\/index.php\/wp-json\/wp\/v2\/pages\/104\/revisions"}],"predecessor-version":[{"id":1746,"href":"https:\/\/na4u.pt\/index.php\/wp-json\/wp\/v2\/pages\/104\/revisions\/1746"}],"wp:attachment":[{"href":"https:\/\/na4u.pt\/index.php\/wp-json\/wp\/v2\/media?parent=104"}],"curies":[{"name":"wp","href":"https:\/\/api.w.org\/{rel}","templated":true}]}}